igit of 2417067?
6
What is the units digit of 1003337?
7
What is the thousands digit of 340686?
0
What is the hundred thousands digit of 897718?
8
What is the units digit of 218669?
9
What is the tens digit of 4474631?
3
What is the thousands digit of 581529?
1
What is the thousands digit of 942050?
2
What is the ten thousands digit of 483359?
8
What is the hundred thousands digit of 252621?
2
What is the ten thousands digit of 340170?
4
What is the units digit of 244778?
8
What is the units digit of 21168274?
4
What is the units digit of 182317?
7
What is the units digit of 140814?
4
What is the ten thousands digit of 138727?
3
What is the tens digit of 629809?
0
What is the ten thousands digit of 76289?
7
What is the tens digit of 8261479?
7
What is the hundreds digit of 811843?
8
What is the ten thousands digit of 16353266?
5
What is the hundreds digit of 22969757?
7
What is the units digit of 23638368?
8
What is the millions digit of 1491191?
1
What is the thousands digit of 579314?
9
What is the ten thousands digit of 256865?
5
What is the thousands digit of 2890729?
0
What is the thousands digit of 12490315?
0
What is the thousands digit of 797364?
7
What is the millions digit of 14268104?
4
What is the tens digit of 483100?
0
What is the ten thousands digit of 170320?
7
What is the millions digit of 14653348?
4
What is the hundred thousands digit of 6471438?
4
What is the hundreds digit of 3644675?
6
What is the hundreds digit of 3534254?
2
What is the tens digit of 3629882?
8
What is the hundred thousands digit of 479046?
4
What is the ten thousands digit of 9402848?
0
What is the hundred thousands digit of 24192116?
1
What is the hundred thousands digit of 2227131?
2
What is the tens digit of 17577450?
5
What is the thousands digit of 146870?
6
What is the hundreds digit of 517064?
0
What is the ten thousands digit of 136622?
3
What is the ten thousands digit of 11677450?
7
What is the thousands digit of 266387?
6
What is the hundreds digit of 2785275?
2
What is the millions digit of 6705455?
6
What is the tens digit of 7659300?
0
What is the hundreds digit of 24439?
4
What is the units digit of 405449?
9
What is the hundred thousands digit of 1339983?
3
What is the ten thousands digit of 11644904?
4
What is the units digit of 42984?
4
What is the hundred thousands digit of 3430260?
4
What is the units digit of 8918055?
5
What is the hundred thousands digit of 5224105?
2
What is the units digit of 166995?
5
What is the hundred thousands digit of 553155?
5
What is the units digit of 719865?
5
What is the hundreds digit of 3738948?
9
What is the units digit of 768031?
1
What is the thousands digit of 499887?
9
What is the thousands digit of 1710317?
0
What is the hundreds digit of 10836860?
8
What is the hundreds digit of 3208313?
3
What is the millions digit of 1935723?
1
What is the thousands digit of 700252?
0
What is the hundred thousands digit of 1443439?
4
What is the tens digit of 133735?
3
What is the thousands digit of 6912312?
2
What is the hundreds digit of 66975?
9
What is the ten thousands digit of 183938?
8
What is the tens digit of 1057485?
8
What is the tens digit of 1105425?
2
What is the thousands digit of 152084?
2
What is the ten millions digit of 14461726?
1
What is the ten thousands digit of 6633063?
3
What is the units digit of 3596921?
1
What is the thousands digit of 415455?
5
What is the hundred thousands digit of 16894785?
8
What is the tens digit of 589136?
3
What is the millions digit of 2406098?
2
What is the units digit of 2749712?
2
What is the hundreds digit of 1693460?
4
What is the units digit of 4690090?
0
What is the tens digit of 229427?
2
What is the hundred thousands digit of 563319?
5
What is the hundreds digit of 77271?
2
What is the thousands digit of 21203769?
3
What is the tens digit of 132343?
4
What is the hundreds digit of 930607?
6
What is the ten thousands digit of 265059?
6
What is the thousands digit of 243071?
3
What is the units digit of 103704?
4
What is the tens digit of 266925?
2
What is the units digit of 1119182?
2
What is the hundred thousands digit of 13498422?
4
What is the ten thousands digit of 1484646?
8
What is the millions digit of 11144577?
1
What is the millions digit of 34346381?
4
What is the hundreds digit of 5153573?
5
What is the hundreds digit of 463139?
1
What is the hundreds digit of 546299?
2
What is the units digit of 12848391?
1
What is the hundred thousands digit of 587031?
5
What is the thousands digit of 329537?
9
What is the hundred thousands digit of 178271?
1
What is the thousands digit of 606865?
6
What is the hundred thousands digit of 8227734?
2
What is the tens digit of 4825231?
3
What is the hundred thousands digit of 457277?
4
What is the hundreds digit of 3602498?
4
What is the thousands digit of 10399307?
9
What is the hundreds digit of 3494508?
5
What is the tens digit of 994069?
6
What is the tens digit of 4017895?
9
What is the units digit of 1887603?
3
What is the tens digit of 223944?
4
What is the hundred thousands digit of 300699?
3
What is the thousands digit of 29269517?
9
What is the thousands digit of 3907856?
7
What is the hundreds digit of 33575835?
8
What is the hundred thousands digit of 2430850?
4
What is the hundred thousands digit of 166884?
1
What is the hundred thousands digit of 3016185?
0
What is the tens digit of 233690?
9
What is the ten thousands digit of 15282029?
8
What is the hundreds digit of 1173176?
1
What is the units digit of 1088699?
9
What is the hundred thousands digit of 678979?
6
What is the ten thousands digit of 74988?
7
What is the tens digit of 523668?
6
What is the hundreds digit of 845166?
1
What is the thousands digit of 84878?
4
What is the hundreds digit of 4235783?
7
What is the thousands digit of 3210?
3
What is the hundred thousands digit of 102116?
1
What is the hundreds digit of 440841?
8
What is the millions digit of 1657741?
1
What is the hundreds digit of 1194366?
3
What is the ten thousands digit of 16188837?
8
What is the millions digit of 12054424?
2
What is the ten thousands digit of 2426591?
2
What is the millions digit of 4652317?
4
What is the ten thousands digit of 15424012?
2
What is the thousands digit of 189893?
9
What is the hundreds digit of 129524?
5
What is the tens digit of 621047?
4
What is the hundreds digit of 182372?
3
What is the tens digit of 3795324?
2
What is the ten thousands digit of 188054?
8
What is the hundreds digit of 149764?
7
What is the thousands digit of 6745369?
5
What is the units digit of 683651?
1
What is the hundred thousands digit of 8174646?
1
What is the thousands digit of 14381146?
1
What is the thousands digit of 231007?
1
What is the ten thousands digit of 38086?
3
What is the thousands digit of 1870561?
0
What is the hundred thousands digit of 632216?
6
What is the units digit of 19914174?
4
What is the units digit of 350994?
4
What is the units digit of 3938642?
2
What is the hundreds digit of 30263?
2
What is the hundred thousands digit of 257103?
2
What is the hundreds digit of 448736?
7
What is the ten thousands digit of 6535169?
3
What is the units digit of 2368973?
3
What is the hundreds digit of 476355?
3
What is the units digit of 18047?
7
What is the hundreds digit of 4783793?
7
What is the hundreds digit of 447659?
6
What is the hundred thousands digit of 3219857?
2
What is the hundreds digit of 804667?
6
What is the tens digit of 92665?
6
What is the units digit of 13923155?
5
What is the thousands digit of 1108544?
8
What is the ten millions digit of 26279567?
2
What is the ten thousands digit of 617601?
1
What is the hundred thousands digit of 3781748?
7
What is the hundreds digit of 362535?
5
What is the hundreds digit of 14187921?
9
What is the hundred thousands digit of 586403?
5
What is the hundred thousands digit of 1388846?
3
What is the thousands digit of 282204?
2
What is the millions digit of 2076405?
2
What is the thousands digit of 8205120?
5
What is the tens digit of 646178?
7
What is the thousands digit of 7331818?
1
What is the thousands digit of 608311?
8
What is the units digit of 701566?
6
What is the thousands digit of 7858755?
8
What is the thousands digit of 221626?
1
What is the units digit of 332911?
1
Wh